-45. Let u = 102 - m. Calculate the greatest common factor of 192 and u.
24
Suppose -4*o = 9*r - 13*r + 50892, -r + 4*o + 12744 = 0. Calculate the greatest common factor of 187 and r.
187
Let d be (1 - 3/9*3)*1. Suppose d*a + 107 = 2*q + 3*a, -q + 4*a = -59. What is the greatest common divisor of 22 and q?
11
Let a = -33 + 54. Let b(g) be the third derivative of -g**4/12 - 10*g**3/3 - 105*g**2. Let o be b(-13). What is the highest common factor of o and a?
3
Let t be 129 + 2 + ((-10)/40 - (-9)/4). What is the highest common divisor of 8113 and t?
133
Let s = 14282 - 11085. What is the greatest common divisor of 695 and s?
139
Let s be -6 + 6 - 7*-2. Suppose -16 = k - 3*k. Suppose -k*l + 140 = -4*l. What is the greatest common factor of s and l?
7
Let m be (6 - (-40)/(-4)) + 1. Let c be 41 - 2/(2 + -4) - m. What is the highest common divisor of 105 and c?
15
Let p(q) = -4*q + 135. Let i(n) = -n**2 - 23*n - 84. Let z be i(-16). Let u be p(z). What is the greatest common divisor of 161 and u?
23
Let i(n) = -n**2 - 17*n - 37. Let u(r) = -r - 9. Let j be 18/(-12) - 33/(-6). Let p be u(j). Let o be i(p). Calculate the highest common divisor of 9 and o.
3
Let l(j) = j**2 - 6*j - 13. Let x be l(8). Suppose 0 = x*i - 20*u + 24*u - 37, 5*u = i + 13. What is the highest common divisor of 112 and i?
7
Let b(z) = 3*z + 14. Let h be b(-4). Let g(k) = -h*k + 7*k - 4*k + 8. Let l be g(5). Calculate the greatest common divisor of l and 91.
13
Let m be 5 + 10/(-5) + 70. Suppose d - 2*h = -4*d + 230, 2*d = -3*h + m. Calculate the highest common factor of d and 154.
22
Let t = 2743 + -1670. Suppose 3*s = 5*j - 1351, 2*s = -4*j + 7*s + t. Calculate the highest common factor of j and 16.
16
Suppose 0 = o + 2*o, d - 130 = o. Let a = 140 - d. What is the greatest common divisor of a and 30?
10
Let r(g) = 0 + g**2 - 3*g**2 + 25 + 7*g**2 + 46*g. Let v be r(-9). Let o = -12 + 20. Calculate the highest common divisor of o and v.
8
Suppose -9*h = -16*h + 2520. Suppose 0 = 22*d - 17*d + 2*n - 432, -2*n = -4*d + h. Calculate the greatest common factor of d and 1408.
88
Suppose -76108*a - 29475 = -76133*a. Calculate the greatest common factor of 261 and a.
9
Suppose -5*g - h = 2, 8*g - 10*g + 8 = -4*h. Suppose 19*d - 6*d - 13 = g. What is the greatest common divisor of d and 61?
1
Let o be 282794/20 + (-1)/7*84/(-40). Calculate the greatest common divisor of o and 140.
140
Suppose j + 5 = p + 5*j, -10 = -5*j. Let h be (p - 0)/((-69)/1610). Calculate the highest common divisor of h and 30.
10
Let q = -359 + 151. Let w = -450 - q. Let l be (-2)/6 - w/6. Calculate the greatest common divisor of 320 and l.
40
Let l = -5418 + 15700. Calculate the greatest common factor of 194 and l.
194
Suppose -4*s - 7*z - 994 = -4022, -4*s = -2*z - 3064. Calculate the greatest common divisor of 140 and s.
4
Let u be 2 + (-9)/(18/(-26)). What is the highest common factor of 39 and u?
3
Let l be (9216/(-960))/(243/(-240) + 1). Calculate the highest common factor of l and 504.
24
Let o be 84 - 1*0/(-4). What is the highest common divisor of o and 651?
21
Suppose 36 = -2*b + 14. Let v = b - -22. Let o be (-9)/(10 + (-39)/(-715)*-185). What is the highest common factor of o and v?
11
Suppose -4*w = -4*b - 88, w + 0*w - 3*b = 28. Calculate the greatest common divisor of 1463 and w.
19
Let f = 103 - 61. Suppose -5*h + 48 = -f. What is the greatest common divisor of 12 and h?
6
Suppose -27*t - 73 = -130 - 348. What is the greatest common factor of 624 and t?
3
Let g be ((-74)/(-37) + (-54)/15)/((-2)/290). What is the highest common factor of 48024 and g?
232
Let j be 846/(-21) + 4/14. Let n = 30 + -90. Let r be 706/6 - j/n. Calculate the greatest common factor of 13 and r.
13
Let c(k) = 27*k**3 + k**2 - 93*k + 182. Let d be c(2). Calculate the greatest common factor of 2565 and d.
27
Let j(l) = 6*l + 291. Let q be j(-42). Let s = 5 - -1. Suppose -65 = -s*h + h. What is the greatest common divisor of h and q?
13
Let c = 37 - -80. Let x be (-2)/(-4)*(42 - 156/(-13)). Calculate the highest common factor of x and c.
9
Suppose 0 = -5*l - 5*n + 8000, -5*n = 8*l - 4*n - 12793. Calculate the highest common divisor of l and 246.
123
Let x(j) = -3*j**2 - 15*j + 1. Let h be x(-4). Let o be h + -1 + (-102)/(-17). Calculate the greatest common factor of o and 243.
9
Let u(n) = 34*n + 1026. Let b be u(-29). What is the highest common factor of b and 392?
8
Let w(b) = -10*b**3 + 32*b**2 - 16*b - 32. Let f be w(-8). What is the greatest common divisor of 2043 and f?
227
Suppose 30*z + 17*z - 541286 = 204275. What is the highest common factor of z and 29?
29
Let r(x) = -2*x**2 + 75*x - 106. Let w be r(36). Let q be 1/(-8*w/(-1760)). Calculate the highest common factor of 22 and q.
22
Let r(h) = -h**3 + 5*h**2 - 6*h + 5. Let p be r(3). Let c be ((-54)/12 + p)*92. Calculate the highest common divisor of 23 and c.
23
Suppose 544 = -4*v - 3*f, -2*v = -5*v - 4*f - 408. Let d = 137 + v. Suppose 5 = 2*a + 3*a. Calculate the highest common divisor of a and d.
1
Let p = 228 + -87. Suppose 2*l + 2*c - 108 = 0, 24*l - 27*l + c + 134 = 0. Calculate the greatest common divisor of l and p.
47
Let m(r) = 1352*r - 1550. Let o be m(10). What is the greatest common factor of 171 and o?
171
Suppose -2*x = -2*q + 2756, 376*q - 3*x + 6938 = 381*q. What is the highest common factor of q and 8?
8
Let t = -100 + 118. Suppose -9*r = -5*r - v - 55, -r - 4*v = -t. What is the highest common factor of 70 and r?
14
Suppose 27*v = 21*v - 180. Let h(c) = -6*c**2 - 2*c + 4. Let l be h(2). Let k be (-78)/((-3)/5*v/l). Calculate the highest common divisor of k and 8.
8
Let u be ((-8)/32)/(-4 + (-1755)/(-440)). Suppose 3*n + 411 = -2*y + 4*y, 2*n + 10 = 0. What is the greatest common divisor of y and u?
22
Suppose -3*k + 223 = u, -u - 226 = -3*k - 5*u. Let a = -115 + k. Let h = -38 - a. What is the highest common factor of 3 and h?
3
Let o(t) = -t**3 - 5*t**2 + 2*t. Let u be o(-4). Suppose 0 = -177*w + 163*w - 672. Let g = u - w. What is the highest common factor of 96 and g?
24
Let l = 67 - 45. Suppose -4*n - 3*w + 29 = 0, 4*n - 5*w - 45 = -n. Suppose -n*t - 3*t + 2662 = 0. Calculate the highest common factor of l and t.
22
Let a = 53377 - 53368. Let u be 87 + (-2)/(-1 + -1). Suppose -n - 4*m = -3*n + 38, 4*n - 5*m - u = 0. What is the greatest common factor of a and n?
9
Let u(i) = 4*i**2 + 15*i - 202. Let k be u(-11). Calculate the highest common divisor of 3068 and k.
13
Let a be -1898*(15/(-2))/15. Suppose -a*r = -947*r - 124. What is the greatest common divisor of 310 and r?
62
Let h(b) = -b**3 + 7*b**2 - 5*b + 2. Let v be h(6). Suppose -5*j - 8*j + 443 = -77. Calculate the greatest common factor of j and v.
8
Suppose -9*k + 2*n + 55453 = -54423, 48833 = 4*k - n. Calculate the highest common factor of k and 220.
110
Let i be (0 + 0)*52/(-52). Let n be 73 + (i - (-56)/(-8)). What is the greatest common factor of n and 1452?
66
Let a be (73/2)/((-127)/(-10414)). What is the greatest common factor of 438 and a?
73
Let c(d) be the third derivative of 59*d**4/24 + 14*d**3/3 - 3*d**2 + 2*d. Let y be c(5). What is the highest common divisor of 17 and y?
17
Let f = 48 + -46. Let r be f/(-3) - 40/(-15) - -4. Let s = r - -13. What is the greatest common divisor of 95 and s?
19
Let g be (-6)/(-1) + ((-164)/28)/((-1)/14). Calculate the highest common factor of g and 4444.
44
Let j = -4616 + 4620. What is the highest common factor of 524 and j?
4
Let r = 61 + -69. Let q be ((-2)/3 - r/(-6))/(-1). Suppose 2*g = q*m + 22, -4*m + 34 = 3*g - 6*m. Calculate the highest common factor of g and 84.
12
Let i(y) be the first derivative of y**3 + 3*y**2/2 - y - 22. Let d be i(2). What is the highest common divisor of 289 and d?
17
Suppose -4425 = 7*s + 1427. Let z = -833 - s. Let g = 1 - -20. Calculate the greatest common factor of z and g.
3
Let n = 112 - 0. Calculate the highest common divisor of n and 144.
16
Suppose 6*d + 4*d = 10. Let k = 24 - 70. Let v be (d - -13)/((-23)/k). What is the highest common divisor of v and 7?
7
Let c(m) = -m**3 + 9*m + 27. Let h be c(-3). Suppose -5*u + 2*u = -4*t - 34, -3*t - 24 = -2*u. What is the highest common divisor of h and u?
3
Suppose 1520 = -90*u + 95*u. Let b be (-112)/(-6) + 13/39. What is the greatest common factor of